8?
False
Is 6 a factor of 19783300?
False
Is 3658 a factor of 1427274782?
True
Does 75 divide 16426350?
True
Is 34 a factor of 72312752?
False
Is 17 a factor of 507637686?
False
Is 145196289 a multiple of 80?
False
Is 4122849728 a multiple of 32?
True
Is 56147280 a multiple of 19?
True
Is 1117473546 a multiple of 89?
False
Is 260532224 a multiple of 698?
False
Is 198 a factor of 11224138?
False
Does 6765 divide 94279993?
False
Does 5 divide 2323314?
False
Is 1607 a factor of 24840103?
False
Does 357 divide 34638996?
True
Is 7 a factor of 113564521?
True
Is 44 a factor of 162483024?
True
Is 50 a factor of 32103277?
False
Is 182 a factor of 53501266?
True
Is 963 a factor of 107563248?
True
Does 13 divide 6228888?
False
Is 34 a factor of 201663146?
True
Is 25337543 a multiple of 839?
False
Does 21 divide 367759696?
False
Does 1319 divide 2075339361?
False
Does 2269 divide 23697436?
True
Is 24 a factor of 1171756080?
True
Does 11 divide 63169997?
True
Does 132 divide 68396158?
False
Is 675557341 a multiple of 11?
False
Does 383 divide 32739989?
True
Is 130187272 a multiple of 33?
False
Is 8717247 a multiple of 599?
True
Is 1496 a factor of 83012422?
False
Is 29399910 a multiple of 1363?
True
Does 4094 divide 101690866?
True
Is 2875 a factor of 89967375?
True
Is 11 a factor of 42152902?
True
Is 15 a factor of 123293295?
True
Is 50913729 a multiple of 215?
False
Is 14 a factor of 4911428459?
False
Is 112 a factor of 79829344?
True
Is 49 a factor of 4501091?
True
Does 250 divide 38415069?
False
Does 862 divide 35450612?
True
Does 43 divide 4591669?
True
Is 17 a factor of 2350976937?
True
Is 348868725 a multiple of 183?
False
Does 2933 divide 20701114?
True
Does 32 divide 8829760?
True
Is 1696946157 a multiple of 2053?
True
Is 105 a factor of 5187735?
True
Does 143 divide 358733661?
True
Does 17 divide 15150162?
True
Is 133162967 a multiple of 181?
True
Is 1967 a factor of 49804440?
True
Is 8 a factor of 8206576?
True
Is 520 a factor of 342068569?
False
Is 283 a factor of 271203590?
False
Does 91 divide 253311786?
True
Does 1029 divide 81894687?
False
Is 43 a factor of 28440355?
False
Does 186 divide 462709968?
True
Is 13 a factor of 82713046?
True
Is 6849 a factor of 441531493?
False
Does 1762 divide 5132785470?
False
Is 587069 a multiple of 19?
False
Is 5 a factor of 29270520?
True
Is 463549634 a multiple of 363?
False
Does 1523 divide 7029061?
False
Does 141 divide 1963989?
True
Is 337552826 a multiple of 2041?
True
Is 7934 a factor of 235592769?
False
Is 287812400 a multiple of 400?
True
Is 1229 a factor of 6836257195?
True
Does 873 divide 350231351?
False
Does 1090 divide 11877730?
True
Does 26 divide 3166895264?
True
Is 20 a factor of 28180180?
True
Is 122482570 a multiple of 89?
False
Does 6 divide 233319692?
False
Does 21 divide 416141124?
True
Does 37 divide 100073567?
True
Is 22348948 a multiple of 926?
False
Is 2679043785 a multiple of 89?
False
Does 678 divide 177485841?
False
Is 82212899 a multiple of 339?
False
Is 7736449 a multiple of 299?
False
Does 62 divide 67061089?
False
Does 173 divide 93281946?
True
Is 79385012 a multiple of 341?
False
Is 122110548 a multiple of 27?
False
Is 1316 a factor of 3777273069?
False
Does 25 divide 185526906?
False
Is 71 a factor of 29421619?
True
Is 170257260 a multiple of 290?
True
Is 13 a factor of 109317416?
True
Does 75 divide 18588225?
True
Is 13 a factor of 27937?
True
Is 23 a factor of 21892734?
True
Is 6077 a factor of 4276760445?
False
Is 1005595248 a multiple of 2408?
True
Is 1841 a factor of 36712538?
False
Does 2644 divide 286963896?
True
Does 968 divide 436326676?
False
Does 6 divide 192539154?
True
Does 60 divide 2996289824?
False
Is 1211254488 a multiple of 100?
False
Does 646 divide 294236943?
False
Is 64633884 a multiple of 124?
True
Does 166 divide 474325910?
True
Is 98716037 a multiple of 49?
True
Does 72 divide 2952625896?
True
Is 2416 a factor of 43012048?
True
Is 3938536240 a multiple of 872?
True
Is 1276 a factor of 14027068?
True
Is 2145 a factor of 430454342?
False
Does 3 divide 158036529?
True
Does 5 divide 1518040?
True
Is 596598486 a multiple of 803?
True
Is 21 a factor of 673542863?
False
Does 7 divide 7196728?
True
Does 3 divide 2186778?
True
Does 724 divide 109871344?
True
Is 15984 a factor of 2647947586?
False
Is 3751 a factor of 279757082?
True
Is 1731156018 a multiple of 1182?
True
Is 9842430 a multiple of 393?
False
Is 8367859 a multiple of 1080?
False
Does 4 divide 94568508?
True
Is 817093054 a multiple of 149?
True
Does 123 divide 124873631?
False
Is 2124700257 a multiple of 411?
True
Does 406 divide 48904324?
True
Does 3089 divide 36521247?
True
Is 153726104 a multiple of 17?
True
Is 16 a factor of 918111856?
True
Does 24 divide 3549579?
False
Does 406 divide 1148904379?
False
Does 1296 divide 1288356192?
True
Is 4747615 a multiple of 20?
False
Does 4569 divide 1016173014?
True
Is 2965 a factor of 139715330?
False
Is 2658311581 a multiple of 12?
False
Is 36220450 a multiple of 26?
False
Is 3051157 a multiple of 135?
False
Is 408669128 a multiple of 56?
True
Is 10183896 a multiple of 68?
False
Is 14140599 a multiple of 292?
False
Is 179916308 a multiple of 11?
True
Does 244 divide 623527?
False
Is 363302541 a multiple of 33?
False
Is 29 a factor of 242101280?
True
Is 745 a factor of 208689591?
False
Is 169239054 a multiple of 10?
False
Does 76 divide 40962252?
True
Is 2 a factor of 376144461?
False
Does 936 divide 50827217?
False
Is 172 a factor of 117335476?
True
Does 216 divide 1175399326?
False
Does 2851 divide 543647294?
False
Is 25321589 a multiple of 118?
False
Is 259 a factor of 310276754?
False
Is 30 a factor of 893026?
False
Does 293 divide 36872037?
False
Does 399 divide 2286489255?
False
Does 68 divide 54066800?
True
Is 351591236 a multiple of 527?
False
Does 168 divide 173679618?
False
Is 18024300 a multiple of 2100?
True
Is 368 a factor of 11150400?
True
Is 60 a factor of 344463000?
True
Does 763 divide 4692740703?
True
Is 330 a factor of 2167250005?
False
Is 2268 a factor of 3682821492?
True
Is 147994080 a multiple of 1184?
True
Does 132 divide 14977575?
False
Is 1168 a factor of 323995024?
True
Does 1379 divide 107711038?
False
Is 89 a factor of 17293704?
False
Does 348 divide 59669815?
False
Does 1121 divide 5941300?
True
Is 3064 a factor of 273244456?
True
Is 368671255 a multiple of 1873?
False
Is 24 a factor of 6459214?
False
Is 34044377 a multiple of 991?
False
Does 17 divide 737934?
False
Does 5 divide 23852299?
False
Is 68 a factor of 8377668?
True
Is 333 a factor of 58085856?
True
Does 50 divide 607550?
True
Does 959 divide 696686018?
False
Does 57 divide 61597310?
False
Is 504 a factor of 10697699?
False
Does 36 divide 826356?
False
Is 1634311206 a multiple of 99?
True
Is 591025340 a multiple of 640?
False
Is 116806130 a multiple of 1435?
True
Does 1426 divide 233751346?
True
Is 107189556 a multiple of 4?
True
Is 8 a factor of 1329034374?
False
Is 124168350 a multiple of 30?
True
Does 137 divide 45254342?
False
Does 27 divide 15621822?
True
Does 73 divide 8463620?
True
Is 21 a factor of 50800790?
False
Is 616 a factor of 1328602530?
False
Does 109 divide 43514217?
True
Does 12 divide 76385192?
False
Is 312459746 a multiple of 37?
True
Does 1098 divide 33312544?
False
Is 57 a factor of 44552176?
False
Does 68 divide 572448807?
False
Does 1350 divide 75620250?
True
Is 17 a factor of 264976025?
True
Is 117 a factor of 291674916?
True
Is 3956 a factor of 262812904?
True
Is 987301853 a multiple of 1450?
False
Is 2410928076 a multiple of 73?
True
Does 3526 divide 717775021?
False
Is 18827028 a multiple of 396?
True
Is 22 a factor of 46731261?
False
Is 338297483 a multiple of 8?
False
Is 19168738 a multiple of 2738?
True
Does 10 divide 231780550?
True
Is 9 a factor of 1106361?
True
Does 82 divide 1491432686?
False
Does 3 divide 20243475?
True
Is 186 a factor of 9308556?
True
Is 39 a factor of 131419314?
True
Is 389 a factor of 1275697492?
True
Is 19 a factor of 15820939?
True
Is 16208108 a multiple of 19?
False
Is 215351602 a multiple of 3745?
False
Is 497022704 a multiple of 16?
True
Does 92 divide 24935772?
True
Is 56201860 a multiple of 715?
True
Is 10 a factor of 11594400?
True
Is 78210574 a multiple of 3839?
False
Is 331231603 a multiple of 